{"id":247,"date":"2009-02-11T21:24:41","date_gmt":"2009-02-11T18:24:41","guid":{"rendered":"http:\/\/meriliitto.tomilehtola.net\/?page_id=247"},"modified":"2009-02-11T21:24:41","modified_gmt":"2009-02-11T18:24:41","slug":"marinen","status":"publish","type":"page","link":"https:\/\/www.meriliitto.fi\/?page_id=247","title":{"rendered":"Marinen"},"content":{"rendered":"<p>Finland \u00e4r en sj\u00f6stat och sj\u00f6v\u00e4garna har alltid haft stor betydelse. En dryg tredjedel av v\u00e5ra gr\u00e4nser \u00e4r territorialvattengr\u00e4nser. St\u00f6rsta delen av v\u00e5ra utrikesf\u00f6rbindelser g\u00e5r sj\u00f6v\u00e4gen eller \u00f6ver haven. Finlands marina karakt\u00e4r framh\u00e4vs av att befolkningen, n\u00e4ringslivet och f\u00f6rvaltningen \u00e4r koncentrerade till s\u00f6dra och sydv\u00e4stra Finland. Det \u00e4r allts\u00e5 mycket viktigt att vi kan trygga v\u00e5ra sj\u00f6f\u00f6rbindelser.<\/p>\n<p>De politiska f\u00f6r\u00e4ndringarna i \u00d6stersj\u00f6omr\u00e5det har p\u00e5verkat alla kuststaters sj\u00f6strategiska st\u00e4llning. Norra \u00d6stersj\u00f6n har f\u00e5tt st\u00f6rre betydelse. Det st\u00e4ller v\u00e4xande krav p\u00e5 v\u00e5rt lands f\u00f6rsvarspolitik. Handels- och milit\u00e4rpolitiken i fr\u00e5ga om sj\u00f6f\u00f6rbindelserna \u00e4r av central betydelse f\u00f6r v\u00e5r v\u00e4lf\u00e4rd och v\u00e5r s\u00e4kerhet. Det understryks av att de finl\u00e4ndska k\u00e4rnomr\u00e5dena \u00e4r bel\u00e4gna i n\u00e4rheten av \u00d6stersj\u00f6n och att Finland under fredstid ansvarar f\u00f6r f\u00f6rsvaret av det demilitariserade \u00c5land.<\/p>\n<p>Finland har inga strategiskt viktiga objekt, fr\u00e4mmande bev\u00e4pnade styrkor eller betydande naturtillg\u00e5ngar som kunde g\u00f6ra landet till f\u00f6rem\u00e5l f\u00f6r ett anfall. D\u00e4remot kan finl\u00e4ndskt territorium anv\u00e4ndas som transitomr\u00e5de mot en tredje part och \u00d6stersj\u00f6n \u00e4r d\u00e5 av s\u00e4rskilt stor betydelse. Marinens viktigaste uppgifter \u00e4r att f\u00f6rsvara Finlands kust- och havsomr\u00e5den och \u00f6vervaka att v\u00e5ra territorialvatten inte kr\u00e4nks.<\/p>\n<p>Marinen \u00e4r en del av sj\u00f6f\u00f6rsvaret, vars uppgift \u00e4r att \u00f6vervaka den territoriella integriteten, avv\u00e4rja territoriella kr\u00e4nkningar och anfall fr\u00e5n havet samt skydda de f\u00f6r nationen viktiga sj\u00f6f\u00f6rbindelserna och sj\u00f6trafiken. Marinen leder ocks\u00e5 den riksomfattande territorialvatten\u00f6vervakningen.<\/p>\n<p>F\u00f6rsvaret av \u00c5land, som enligt statsf\u00f6rdrag \u00e4r demilitariserat under fredstid, st\u00e4ller speciella krav p\u00e5 sj\u00f6f\u00f6rsvaret. \u00c4ven om inga f\u00f6rsvarsf\u00f6rberedelser kan genomf\u00f6ras p\u00e5 \u00c5land under fredstid, f\u00f6ruts\u00e4tter Finlands st\u00e4llning som sj\u00e4lvst\u00e4ndig stat att omr\u00e5dets integritet skyddas. Det m\u00e5ste beaktas i planeringen av marinen och utvecklingen av tygmateriel.<\/p>\n<p>Marinens bev\u00e4ringsutbildning syftar till att utbilda och tr\u00e4na v\u00e4rnpliktiga f\u00f6r uppgifter inom det milit\u00e4ra f\u00f6rsvaret till sj\u00f6ss och vid kusterna. Utbildningen \u00e4r indelad i flottutbildning och kustf\u00f6rbandsutbildning. Flottf\u00f6rbanden f\u00e5r d\u00e4ck- och maskinutbildning, kustf\u00f6rbanden kustartilleri- och kustinfanteriutbildning. Utbildningslinjerna omfattar n\u00e4rmare 50 specialomr\u00e5den. Bev\u00e4ringarna utv\u00e4ljs i regel redan vid uppb\u00e5den f\u00f6r tj\u00e4nstg\u00f6ring vid kust- och flottf\u00f6rbanden.<\/p>\n<p>Sk\u00e4rg\u00e5rdshavets och Finska vikens marinkommandon svarar f\u00f6r utbildningen inom sina omr\u00e5den. Nylands Brigad i Eken\u00e4s utbildar p\u00e5 svenska ocks\u00e5 kustf\u00f6rband och kustj\u00e4gare samt ett mobilt kustartilleri. Marinens stamanst\u00e4llda officerare och de bev\u00e4ringar som utbildas till reservofficerare f\u00e5r i huvudsak sin utbildning vid Sj\u00f6krigsskolan p\u00e5 Sveaborg.<\/p>\n<p><a href=\"http:\/\/www.forsvarsmakten.fi\/merivoimat\/?rp\" target=\"_blank\">Marinens organisation<\/a><\/p>\n<p>Marinen erbjuder bev\u00e4ringarna m\u00f6jlighet att efter avslutad v\u00e4rnplikt g\u00f6ra yrkeskarri\u00e4r antingen i milit\u00e4ra eller civila uppgifter. Arbetet tillsammans med m\u00e4nniskor \u00e4r utmanande, ansvarsfullt, tekniskt och internationellt. Det \u00e4r bara genom milit\u00e4rutbildning man kan bli yrkesofficerare eller f\u00e5 andra milit\u00e4ra tj\u00e4nster. Civila arbetsuppgifter och specialofficersuppgifter f\u00f6ruts\u00e4tter i allm\u00e4nhet l\u00e4mplig civilutbildning.<\/p>\n<p><strong>L\u00e4s mera p\u00e5<\/strong>: <a href=\"http:\/\/www2.mil.fi\/merivoimat\/index_sv.dsp\" target=\"_blank\">www.mil.fi<\/a><\/p>\n","protected":false},"excerpt":{"rendered":"<p>Finland \u00e4r en sj\u00f6stat och sj\u00f6v\u00e4garna har alltid haft stor betydelse. En dryg tredjedel av v\u00e5ra gr\u00e4nser \u00e4r territorialvattengr\u00e4nser. St\u00f6rsta delen av v\u00e5ra utrikesf\u00f6rbindelser g\u00e5r sj\u00f6v\u00e4gen eller \u00f6ver haven. Finlands marina karakt\u00e4r framh\u00e4vs av att befolkningen, n\u00e4ringslivet och f\u00f6rvaltningen \u00e4r koncentrerade till s\u00f6dra och sydv\u00e4stra Finland. Det \u00e4r allts\u00e5 mycket viktigt att vi kan trygga [&hellip;]<\/p>\n","protected":false},"author":1,"featured_media":0,"parent":239,"menu_order":0,"comment_status":"closed","ping_status":"closed","template":"index_sv.php","meta":{"footnotes":""},"class_list":["post-247","page","type-page","status-publish","hentry"],"_links":{"self":[{"href":"https:\/\/www.meriliitto.fi\/index.php?rest_route=\/wp\/v2\/pages\/247","targetHints":{"allow":["GET"]}}],"collection":[{"href":"https:\/\/www.meriliitto.fi\/index.php?rest_route=\/wp\/v2\/pages"}],"about":[{"href":"https:\/\/www.meriliitto.fi\/index.php?rest_route=\/wp\/v2\/types\/page"}],"author":[{"embeddable":true,"href":"https:\/\/www.meriliitto.fi\/index.php?rest_route=\/wp\/v2\/users\/1"}],"replies":[{"embeddable":true,"href":"https:\/\/www.meriliitto.fi\/index.php?rest_route=%2Fwp%2Fv2%2Fcomments&post=247"}],"version-history":[{"count":1,"href":"https:\/\/www.meriliitto.fi\/index.php?rest_route=\/wp\/v2\/pages\/247\/revisions"}],"predecessor-version":[{"id":248,"href":"https:\/\/www.meriliitto.fi\/index.php?rest_route=\/wp\/v2\/pages\/247\/revisions\/248"}],"up":[{"embeddable":true,"href":"https:\/\/www.meriliitto.fi\/index.php?rest_route=\/wp\/v2\/pages\/239"}],"wp:attachment":[{"href":"https:\/\/www.meriliitto.fi\/index.php?rest_route=%2Fwp%2Fv2%2Fmedia&parent=247"}],"curies":[{"name":"wp","href":"https:\/\/api.w.org\/{rel}","templated":true}]}}