{"id":243,"date":"2009-02-11T21:23:45","date_gmt":"2009-02-11T18:23:45","guid":{"rendered":"http:\/\/meriliitto.tomilehtola.net\/?page_id=243"},"modified":"2009-02-11T21:23:45","modified_gmt":"2009-02-11T18:23:45","slug":"imo-international-maritime-organization","status":"publish","type":"page","link":"https:\/\/www.meriliitto.fi\/?page_id=243","title":{"rendered":"IMO &#8211; International Maritime Organization"},"content":{"rendered":"<p>Den internationella sj\u00f6fartsorganisationen <a href=\"http:\/\/www.imo.org\/\" target=\"_blank\">International Maritime Organization<\/a> (IMO) \u00e4r en specialorganisation underst\u00e4lld FN och behandlar tekniska sj\u00f6fartsfr\u00e5gor. Organisationen har sitt huvudkvarter i London. I IMO behandlas framf\u00f6r allt fr\u00e5gor g\u00e4llande sj\u00f6s\u00e4kerhet, f\u00f6rhindrande av nedsmutsning av haven, r\u00e4ttsliga sj\u00f6fartsfr\u00e5gor och teknisk hj\u00e4lp i sj\u00f6fartssektorn till utvecklingsl\u00e4nder. Organisationen inledde sin verksamhet \u00e5r 1958 och har f\u00f6r n\u00e4rvarande 164 medlemsstater. IMO:s generalf\u00f6rsamling sammantr\u00e4der vartannat \u00e5r. Organisationen har ocks\u00e5 ett r\u00e5d och tv\u00e5 tekniska huvudkommitt\u00e9er, n\u00e4mligen sj\u00f6s\u00e4kerhetskommitt\u00e9n och kommitt\u00e9n f\u00f6r skydd av den marina milj\u00f6n. Andra viktiga kommitt\u00e9er \u00e4r den juridiska kommitt\u00e9n och kommitt\u00e9n f\u00f6r tekniskt samarbete. I organisationen ing\u00e5r ocks\u00e5 ett stort antal tekniska underkommitt\u00e9er som bereder olika tekniska \u00e4renden f\u00f6r vidarebehandling fr\u00e4mst i sj\u00f6s\u00e4kerhetskommitt\u00e9n.<\/p>\n<p><strong>L\u00e4s mera p\u00e5<\/strong>: <a href=\"http:\/\/www.imo.org\/\" target=\"_blank\">www.imo.org<\/a><\/p>\n","protected":false},"excerpt":{"rendered":"<p>Den internationella sj\u00f6fartsorganisationen International Maritime Organization (IMO) \u00e4r en specialorganisation underst\u00e4lld FN och behandlar tekniska sj\u00f6fartsfr\u00e5gor. Organisationen har sitt huvudkvarter i London. I IMO behandlas framf\u00f6r allt fr\u00e5gor g\u00e4llande sj\u00f6s\u00e4kerhet, f\u00f6rhindrande av nedsmutsning av haven, r\u00e4ttsliga sj\u00f6fartsfr\u00e5gor och teknisk hj\u00e4lp i sj\u00f6fartssektorn till utvecklingsl\u00e4nder. Organisationen inledde sin verksamhet \u00e5r 1958 och har f\u00f6r n\u00e4rvarande 164 [&hellip;]<\/p>\n","protected":false},"author":1,"featured_media":0,"parent":239,"menu_order":0,"comment_status":"closed","ping_status":"closed","template":"index_sv.php","meta":{"footnotes":""},"class_list":["post-243","page","type-page","status-publish","hentry"],"_links":{"self":[{"href":"https:\/\/www.meriliitto.fi\/index.php?rest_route=\/wp\/v2\/pages\/243","targetHints":{"allow":["GET"]}}],"collection":[{"href":"https:\/\/www.meriliitto.fi\/index.php?rest_route=\/wp\/v2\/pages"}],"about":[{"href":"https:\/\/www.meriliitto.fi\/index.php?rest_route=\/wp\/v2\/types\/page"}],"author":[{"embeddable":true,"href":"https:\/\/www.meriliitto.fi\/index.php?rest_route=\/wp\/v2\/users\/1"}],"replies":[{"embeddable":true,"href":"https:\/\/www.meriliitto.fi\/index.php?rest_route=%2Fwp%2Fv2%2Fcomments&post=243"}],"version-history":[{"count":1,"href":"https:\/\/www.meriliitto.fi\/index.php?rest_route=\/wp\/v2\/pages\/243\/revisions"}],"predecessor-version":[{"id":244,"href":"https:\/\/www.meriliitto.fi\/index.php?rest_route=\/wp\/v2\/pages\/243\/revisions\/244"}],"up":[{"embeddable":true,"href":"https:\/\/www.meriliitto.fi\/index.php?rest_route=\/wp\/v2\/pages\/239"}],"wp:attachment":[{"href":"https:\/\/www.meriliitto.fi\/index.php?rest_route=%2Fwp%2Fv2%2Fmedia&parent=243"}],"curies":[{"name":"wp","href":"https:\/\/api.w.org\/{rel}","templated":true}]}}